ommon factor of 53158 and 126.
14
Calculate the highest common factor of 210 and 19970.
10
What is the greatest common factor of 44506 and 91?
7
What is the greatest common divisor of 429 and 20449?
143
What is the greatest common divisor of 28 and 257271?
7
Calculate the highest common divisor of 2 and 16281.
1
Calculate the greatest common factor of 441 and 283437.
63
Calculate the highest common divisor of 17376 and 64.
32
Calculate the greatest common divisor of 1845 and 207255.
615
Calculate the greatest common divisor of 26550 and 3009.
177
Calculate the greatest common factor of 1770 and 1798674.
354
What is the greatest common divisor of 1004814 and 18?
18
What is the highest common divisor of 16153 and 261?
29
What is the highest common divisor of 82464 and 192?
96
Calculate the greatest common factor of 448 and 17164.
28
What is the greatest common divisor of 115 and 4646?
23
What is the greatest common divisor of 40002 and 18306?
678
What is the highest common factor of 34377 and 1806?
21
What is the highest common divisor of 512292 and 36?
12
What is the highest common factor of 1875 and 2631875?
625
Calculate the highest common factor of 150 and 27375.
75
What is the greatest common divisor of 943 and 73636?
41
Calculate the greatest common divisor of 11870 and 10.
10
What is the greatest common factor of 868 and 5323010?
434
What is the highest common divisor of 8464 and 14283?
529
Calculate the highest common divisor of 13615 and 70.
35
What is the greatest common divisor of 9 and 3639861?
9
What is the highest common factor of 596 and 942574?
298
Calculate the greatest common factor of 36960 and 252.
84
Calculate the greatest common factor of 2362218 and 714.
102
Calculate the greatest common factor of 5252 and 30704.
404
Calculate the highest common divisor of 225 and 26575.
25
What is the greatest common factor of 12 and 104574?
6
What is the highest common factor of 1449447 and 1191?
1191
What is the greatest common divisor of 61478 and 354?
118
Calculate the greatest common factor of 108450 and 219792.
1446
What is the highest common factor of 420 and 89852?
28
Calculate the greatest common factor of 67064 and 664.
664
What is the greatest common divisor of 1405 and 5?
5
Calculate the highest common divisor of 248 and 1018722.
62
Calculate the highest common factor of 4302 and 863985.
717
Calculate the greatest common divisor of 3440 and 530.
10
Calculate the highest common divisor of 263790 and 108.
54
What is the greatest common divisor of 639 and 994?
71
Calculate the highest common factor of 48 and 38032.
16
Calculate the greatest common factor of 1768 and 495482.
442
Calculate the highest common divisor of 6 and 19551.
3
Calculate the greatest common factor of 8712 and 594.
198
Calculate the highest common factor of 1736641 and 301.
43
What is the highest common divisor of 33339 and 3?
3
What is the greatest common factor of 159 and 46044?
3
What is the highest common divisor of 20878 and 1859?
143
Calculate the greatest common factor of 36 and 186174.
18
What is the greatest common factor of 13738 and 32?
2
What is the highest common factor of 8201 and 118?
59
Calculate the greatest common divisor of 359942 and 55.
11
What is the highest common divisor of 10846 and 19822?
374
Calculate the greatest common factor of 3570 and 18165.
105
What is the highest common factor of 32 and 8000?
32
What is the highest common factor of 2325000 and 744?
744
Calculate the greatest common factor of 1086820 and 280.
140
Calculate the greatest common factor of 241872 and 768.
48
Calculate the greatest common factor of 2324 and 1624.
28
Calculate the greatest common divisor of 250 and 1780.
10
Calculate the highest common factor of 1925 and 12575.
25
What is the greatest common divisor of 17243 and 4?
1
Calculate the greatest common factor of 660 and 8712.
132
Calculate the greatest common divisor of 276 and 33396.
276
What is the greatest common divisor of 2855 and 6281?
571
Calculate the greatest common factor of 299 and 43290.
13
Calculate the greatest common factor of 1925 and 80.
5
What is the highest common divisor of 242680 and 440?
40
Calculate the highest common factor of 7712 and 10122.
482
Calculate the highest common divisor of 14425 and 20.
5
Calculate the highest common divisor of 6265 and 70705.
895
What is the highest common divisor of 19735487 and 17?
17
Calculate the greatest common divisor of 16 and 53664.
16
Calculate the greatest common divisor of 134107 and 118.
59
What is the highest common factor of 77 and 1043?
7
Calculate the highest common factor of 151475 and 40255.
415
Calculate the highest common divisor of 45 and 1701369.
9
What is the greatest common factor of 6552 and 49?
7
What is the highest common factor of 132678 and 7?
7
What is the greatest common factor of 58 and 621934?
58
What is the highest common factor of 4383 and 147?
3
What is the highest common factor of 70082 and 16736?
1046
What is the highest common factor of 1260 and 5895?
45
What is the highest common factor of 225 and 3029175?
225
Calculate the greatest common factor of 4 and 49048.
4
What is the greatest common factor of 421 and 119564?
421
Calculate the highest common divisor of 34200 and 198.
18
Calculate the highest common factor of 1703088 and 72.
72
What is the highest common factor of 30 and 193011?
3
What is the highest common factor of 46 and 22494?
46
Calculate the highest common divisor of 750720 and 12903.
1173
What is the highest common factor of 9801 and 363?
363
Calculate the highest common divisor of 76 and 82403.
19
Calculate the highest common divisor of 53924 and 37271.
793
Calculate the greatest common factor of 1066296 and 1320.
264
What is the greatest common divisor of 384540 and 2635?
85
What is the greatest common divisor of 896 and 868?
28
Calculate the greatest common divisor of 971738 and 2589.
863
Calculate the highest common factor of 360 and 3448.
8
Calculate the highest common divisor of 1536 and 25014.
6
Calculate the highest common factor of 126942 and 6.
6
Calculate the highest common factor of 39312 and 44415.
189
What is the highest common factor of 303 and 40804?
101
Calculate the greatest common factor of 776 and 48296.
8
Calculate the greatest common factor of 519146 and 68.
34
Calculate the highest common factor of 948 and 281319.
237
Calculate the highest common divisor of 116 and 965410.
58
What is the greatest common divisor of 16281 and 675?
27
Calculate the greatest common factor of 3483 and 1376.
43
What is the greatest common divisor of 588 and 8400?
84
What is the greatest common divisor of 50 and 277075?
25
What is the greatest common divisor of 1900206 and 1232?
154
What is the greatest common factor of 10890 and 4230?
90
What is the highest common factor of 15 and 16197120?
15
What is the greatest common factor of 1232 and 5500?
44
What is the greatest common divisor of 1765 and 21533?
353
What is the highest common divisor of 100 and 62584?
4
What is the highest common factor of 122357 and 93?
31
What is the greatest common factor of 720 and 51984?
144
What is the greatest common factor of 229869 and 45?
9
Calculate the greatest common factor of 51340 and 4080.
340
Calculate the greatest common factor of 1122 and 14014902.
1122
Calculate the highest common divisor of 1439254 and 68.
34
What is the greatest common factor of 3024 and 20328?
168
What is the greatest common factor of 36 and 62811?
9
What is the greatest common divisor of 33 and 4188129?
33
Calculate the greatest common factor of 9760 and 2318.
122
Calculate the highest common divisor of 41154 and 646.
38
What is the highest common divisor of 1278 and 453193?
71
What is the greatest common factor of 2101 and 802391?
191
Calculate the highest common factor of 31300 and 125.
25
Calculate the greatest common divisor of 59514 and 11004.
42
Calculate the greatest common divisor of 1530 and 954.
18
What is the highest common factor of 25347 and 42?
21
What is the highest common factor of 182 and 33502?
14
Calculate the highest common factor of 833 and 1127.
49
Calculate the highest common factor of 250 and 1044125.
125
Calculate the greatest common factor of 3132 and 4756.
116
What is the highest common factor of 418 and